 + 968*q - 216. Give a(-54).
0
Let q(w) = 34*w + 259. Determine q(-9).
-47
Let k(h) = 21*h**2 + 1828*h + 85. Calculate k(-87).
-2
Let k(y) = 11*y**2 + 82*y + 97. What is k(-6)?
1
Let l(y) = -y**3 - 26*y**2 + 411. What is l(-26)?
411
Let c(z) = -56*z**3 - 4*z**2 - 2*z + 7. What is c(2)?
-461
Let h(f) = -4*f**2 - 893*f - 5207. Determine h(-6).
7
Let s(n) = n**2 + 39*n + 200. Determine s(-6).
2
Let z(m) = -m**3 - 82*m**2 + 532*m + 342. Give z(-88).
-10
Let t(x) = -14*x**2 - 8*x - 6. Calculate t(-1).
-12
Let y(d) = 12*d - 488. Determine y(-20).
-728
Let h(k) = 9*k**2 - 26*k + 67. Determine h(8).
435
Let g(w) = 103*w**2 + 7*w + 8. Calculate g(-1).
104
Let n(x) = -x**2 - 144*x + 4433. Calculate n(26).
13
Let o(f) = 43*f + 229. What is o(-5)?
14
Let a(f) = -14*f - 1093. Determine a(-78).
-1
Let r(s) = s**3 + 57*s**2 - 376*s - 24174. Calculate r(-56).
18
Let m(z) = 23*z + 208. Give m(-9).
1
Let a(b) = -b**3 + 29*b**2 - 5*b + 87. Determine a(29).
-58
Let s(v) = 73*v**2 - 806*v + 26. Calculate s(11).
-7
Let u(d) = -13*d**2 + 713*d + 103. Calculate u(55).
-7
Let b(i) = i**3 + 12*i**2 + 39*i + 36. Give b(-6).
18
Let i(y) = 81*y + 668. Determine i(-8).
20
Let n(p) = -p**3 - 19*p**2 + 92*p + 578. Determine n(-22).
6
Let i(m) = -m**3 - 15*m**2 - 29*m + 224. Give i(-10).
14
Let y(l) = 166*l + 140. Determine y(2).
472
Let l(j) = j**2 - 57*j - 413. What is l(-6)?
-35
Let o(r) = -72*r + 6341. Give o(88).
5
Let g(f) = -3*f**3 + 4*f**2 + 165*f - 455. Give g(3).
-5
Let g(j) = j**3 - 24*j**2 + 131*j + 115. Give g(15).
55
Let b(z) = -181*z + 1625. Give b(9).
-4
Let c(w) = w**3 + 10*w**2 - 35*w - 6. Calculate c(-13).
-58
Let g(l) = -2*l**2 + 9*l + 229. Calculate g(16).
-139
Let d(w) = 1058*w + 3175. Calculate d(-3).
1
Let r(j) = -429*j**2 + 32*j + 32. Calculate r(-1).
-429
Let w(r) = 5*r**2 - 8*r - 24. What is w(3)?
-3
Let p(m) = -31*m + 2176. Calculate p(63).
223
Let s(p) = p**2 - 15*p - 25. Determine s(16).
-9
Let r(o) = 290*o**2 - 2899*o - 11. Determine r(10).
-1
Let l(p) = -p**2 - 301*p - 11094. Calculate l(-43).
0
Let c(n) = -n**3 - 17*n**2 - 18*n + 1. Determine c(-15).
-179
Let v(p) = p**3 - 24*p**2 + 53*p - 249. Determine v(22).
-51
Let z(c) = 2*c**2 + 5*c + 33. Calculate z(5).
108
Let d(u) = 12*u**2 + 501*u - 44. Determine d(-42).
82
Let t(w) = -36*w - 290. Calculate t(-8).
-2
Let z(k) = 52*k - 319. What is z(5)?
-59
Let g(t) = 1222*t + 14672. Give g(-12).
8
Let i(q) = 34*q**3 - 5*q**2 + 7*q + 19. Determine i(-2).
-287
Let y(o) = o**2 + 89*o - 3457. Determine y(-118).
-35
Let m(u) = -u**3 + 15*u**2 - 38*u - 25. What is m(4)?
-1
Let f(m) = -4336*m + 13029. Give f(3).
21
Let i(x) = -9586*x + 718945. Determine i(75).
-5
Let o(v) = -2*v**3 - 18*v**2 - 29*v - 51. Calculate o(-7).
-44
Let u(n) = -8*n - 90. What is u(-9)?
-18
Let o(l) = 12625*l - 37884. Give o(3).
-9
Let i(p) = -31*p**2 - 290*p - 66. Give i(-9).
33
Let x(w) = 2*w**2 - 26*w - 4241. What is x(53)?
-1
Let f(j) = -74*j + 8839. Give f(119).
33
Let l(p) = -24*p**2 + 755*p - 753. Determine l(1).
-22
Let k(x) = -x**3 - 25*x**2 - 65*x + 84. Determine k(-4).
8
Let h(z) = -z**3 + 29*z**2 - 210*z - 8. Determine h(14).
-8
Let p(y) = 37*y + 413. Determine p(-11).
6
Let k(n) = -n**3 - 103*n**2 - n - 97. Give k(-103).
6
Let z(f) = -f**2 - 52*f + 277. Determine z(6).
-71
Let x(g) = 12*g - 306. What is x(20)?
-66
Let b(g) = 98*g + 19879. Give b(-203).
-15
Let q(v) = 2*v**2 + 101*v + 1325. Determine q(-24).
53
Let a(g) = -201*g - 6235. Calculate a(-31).
-4
Let x(j) = 65*j + 251. What is x(-4)?
-9
Let y(n) = -n**2 + 75*n - 1219. What is y(24)?
5
Let w(t) = -220*t - 5759. Determine w(-27).
181
Let k(c) = 18*c**2 + 49*c + 2. Calculate k(-1).
-29
Let j(p) = -2*p**3 + 37*p**2 + 179*p + 13. Determine j(-4).
17
Let x(j) = j**3 + j**2 + j + 4. Give x(-2).
-2
Let p(i) = -2*i**2 - 24*i + 282. Calculate p(7).
16
Let n(b) = 160*b - 12798. Calculate n(80).
2
Let h(f) = 92*f**2 + 98*f - 6. What is h(-1)?
-12
Let u(m) = -7*m**2 + 66*m - 10. Calculate u(9).
17
Let u(y) = -y**2 - 9*y + 819. Give u(26).
-91
Let l(m) = -316*m - 2656. Determine l(-8).
-128
Let k(a) = -773*a - 112081. Calculate k(-145).
4
Let q(t) = -1076*t - 18303. What is q(-17)?
-11
Let t(m) = -23*m**2 - 375*m - 748. Give t(-2).
-90
Let s(d) = 575*d - 6422. Calculate s(11).
-97
Let v(j) = -2*j**2 - 16*j + 72. Calculate v(6).
-96
Let y(x) = 859*x + 6936. Calculate y(-8).
64
Let a(x) = -2*x**2 - 51*x - 48. Give a(-27).
-129
Let v(m) = m**3 - 10*m**2 - m - 63. Determine v(11).
47
Let i(a) = -5*a**2 + 36*a + 519. Give i(-7).
22
Let q(r) = 6*r**2 - 21*r + 93. Determine q(5).
138
Let p(j) = 48*j + 4797. Calculate p(-100).
-3
Let s(a) = 48*a - 1007. Calculate s(23).
97
Let f(q) = -q**2 - 27*q + 9923. Calculate f(87).
5
Let s(h) = h**3 + 27*h**2 + 48*h - 472. What is s(-6)?
-4
Let w(n) = -n**2 - 25*n - 57. What is w(-24)?
-33
Let m(b) = -29*b - 258. Determine m(-9).
3
Let n(i) = -5*i**2 + 613*i + 246. Calculate n(123).
0
Let m(k) = k**2 - 3*k - 35. Calculate m(-10).
95
Let z(v) = -36*v + 2342. Give z(64).
38
Let d(c) = 9*c**2 - 11*c - 414. Determine d(6).
-156
Let r(d) = 6*d**3 - 180*d**2 + 2*d - 52. Determine r(30).
8
Let x(a) = 103*a - 407. Calculate x(4).
5
Let t(s) = -s**3 - 6*s**2 - 2*s - 81. What is t(0)?
-81
Let y(v) = -3*v**3 + 88*v**2 - 25*v + 128. Determine y(29).
244
Let s(x) = x**3 - 16*x**2 - 28*x + 4. Give s(17).
-183
Let s(p) = 4*p**3 + 113*p**2 + 41*p + 381. Determine s(-28).
17
Let g(k) = 26*k**2 + 6*k + 4. Calculate g(-1).
24
Let q(r) = -1032*r + 1097. Give q(1).
65
Let p(t) = -t**3 + 11*t**2 + 308*t - 19. Determine p(-13).
33
Let u(d) = -d**3 - 2*d**2 - 23*d - 51. What is u(-2)?
-5
Let h(r) = -2*r**3 + 40*r**2 + 26*r + 333. Calculate h(21).
-3
Let y(i) = -i**3 + 125*i**2 + 384*i - 23. Give y(128).
-23
Let h(a) = 53*a**2 + 488*a + 9. Determine h(-9).
-90
Let h(s) = -5*s**2 + 312*s + 94. Calculate h(63).
-95
Let g(t) = -323*t + 20021. What is g(62)?
-5
Let p(c) = -c**3 + 91*c**2 - 187*c + 817. Calculate p(89).
16
Let a(l) = -9*l**3 - 6*l**2 + 4*l + 7. What is a(2)?
-81
Let t(y) = 6*y**2 + 3*y - 2. Calculate t(-4).
82
Let m(v) = -v**2 - 218*v + 2291. Determine m(10).
11
Let c(k) = k**2 - 808*k - 18293. Determine c(-22).
-33
Let y(q) = 73*q**2 + 798*q - 48. Calculate y(-11).
7
Let m(l) = -67*l**3 + 2*l**2 - 16*l - 17. Give m(-1).
68
Let a(c) = 8*c - 124. Give a(13).
-20
Let b(v) = 2*v**3 + 16*v**2 + 63*v + 445. What is b(-7)?
102
Let i(q) = -4*q - 298. Determine i(-81).
26
Let n(w) = w**3 + 7*w**2 + 14*w + 19. Give n(-5).
-1
Let l(y) = 82*y**2 + 996*y + 147. What is l(-12)?
3
Let i(v) = 689*v - 55823. Determine i(81).
-14
Let v(r) = -176*r + 153. Give v(2).
-199
Let q(m) = -m**2 + 34*m - 33. Calculate q(33).
0
Let i(q) = -q**3 - 47*q**2 + 4*q + 259. Calculate i(-47).
71
Let q(c) = 6*c**3 + 5*c**2 + c - 2. Give q(-2).
-32
Let r(q) = 7*q**2 + 285*q - 1332. Calculate r(5).
268
Let r(p) = 49*p + 83. Calculate r(-6).
-211
Let a(k) = k**2 - 1167*k + 16136. Give a(14).
-6
Let d(g) = 3*g**2 + 32*g - 1. Calculate d(-12).
47
Let n(y) = -10*y**2 - 31*y + 11. What is n(-4)?
-25
Let r(q) = q**2 - 15*q - 364. Determine r(28).
0
Let a(c) = -302*c - 1813. Give a(-6).
-1
Let j(k) = 175*k - 879. Give j(5).
-4
Let z(x) = x**2 + 32*x + 22. What is z(-33)?
55
Let v(g) = g**3 + 22*g**2 - 28*g + 97. Calculate v(-24).
-383
Let n(c) = -c**2 - 109*c - 2209. Determine n(-82).
5
Let d(f) = -72*f + 643. Give d(15).
-437
Let g(c) = 4*c**2 + 112*c - 589. Calculate g(5).
71
Let b(w) = -9*w**2 + w + 66. Give b(-8).
-518
Let x(h) = h**3 - 18*h**2 + 16*h + 26. What is x(17)?
9
Let z(a) = 17529*a - 87663. What is z(5)?
-18
Let u(n) = -n**2 - 13*n + 30. Calculate u(-25).
-270
Let i(w) = 3*w**2 - 84*w + 142. Determine i(26).
-14
Let k(y) = -6*y**2 + 145*y + 128. Calculate k(25).
3
Let o(x) = 47*x + 110. What is o(-2)?
16
Let o(s) = -s**3 - 13*s**2 - 13*s + 65. Give o(-12).
77
Let g(x) = 11*x**2 - 114*x - 221. What is g(-2)?
51
Let n(m) = 16*m - 847. Calculate n(24).
-463
Let z(o) = -o**3 + 21*o**2 - 25*o + 35. Calculate z(20).
-65
Let p(w) = -827*w + 56207. What is p(68)?
-29
Let m(j) = -j**2 - 132*j - 897. Determine m(-8).
95
Let v(r) = 4*r**3 + 41*r**2 - 34*r - 24. Give v(-11).
-13
Let p(l) = 246*l + 3663. Give p(-15).
-27
Let h(q) = 22*q - 112. Calculate h(-3).
-178
Let z(i) = i**3 - 11*i**2 